{"id":239,"date":"2020-10-06T10:14:35","date_gmt":"2020-10-06T13:14:35","guid":{"rendered":"https:\/\/aehg-laplata.org.ar\/nueva\/?page_id=239"},"modified":"2020-11-13T14:35:35","modified_gmt":"2020-11-13T17:35:35","slug":"zona-de-influencia","status":"publish","type":"page","link":"https:\/\/aehg-laplata.org.ar\/nueva\/zona-de-influencia\/","title":{"rendered":"Zona de influencia"},"content":{"rendered":"<p>[vc_row full_width=&#8221;stretch_row&#8221; css=&#8221;.vc_custom_1600781837739{background-color: #00205a !important;}&#8221;][vc_column][vc_column_text]<\/p>\n<h1 style=\"text-align: center; color: #ffffff;\">Zona de influencia<\/h1>\n<p>[\/vc_column_text][\/vc_column][\/vc_row][vc_row full_width=&#8221;stretch_row_content_no_spaces&#8221; equal_height=&#8221;yes&#8221; content_placement=&#8221;middle&#8221; css=&#8221;.vc_custom_1601744680350{margin-top: 20px !important;margin-bottom: 0px !important;padding-bottom: 0px !important;background-color: #f0f3f2 !important;}&#8221;][vc_column css_animation=&#8221;bottom-to-top&#8221; width=&#8221;1\/2&#8243; css=&#8221;.vc_custom_1601990797432{background-image: url(https:\/\/aehg-laplata.org.ar\/nueva\/wp-content\/uploads\/aehg-zona-de-influencia.jpg?id=242) !important;background-position: center !important;background-repeat: no-repeat !important;background-size: cover !important;}&#8221;]<div class=\"clearboth\"><\/div><div class=\"gem-divider \" style=\"margin-top: 300px;\"><\/div>[\/vc_column][vc_column width=&#8221;1\/2&#8243; disable_custom_paddings_tablet=&#8221;true&#8221; disable_custom_paddings_mobile=&#8221;true&#8221; css=&#8221;.vc_custom_1542290229812{padding-right: 110px !important;padding-left: 110px !important;}&#8221;][vc_row_inner][vc_column_inner offset=&#8221;vc_hidden-xs&#8221;]<div class=\"clearboth\"><\/div><div class=\"gem-divider \" style=\"margin-top: 50px;\"><\/div>[\/vc_column_inner][\/vc_row_inner][vc_column_text css_animation=&#8221;bottom-to-top&#8221;]<\/p>\n<h2>Trabajamos con 92 municipios de la provincia de Buenos Aires<\/h2>\n<p>[\/vc_column_text]<div class=\"clearboth\"><\/div><div class=\"gem-divider \" style=\"margin-top: 30px;\"><\/div>[vc_column_text]A trav\u00e9s de la Red Federal de Capacitadores de FEHGRA, llegamos con cursos cortos, formaci\u00f3n y conocimiento a 92 localidades de la provincia de Buenos Aires. Adem\u00e1s, desarrollamos una actividad de representaci\u00f3n gremial empresaria en el sector tur\u00edstico, hotelero y gastron\u00f3mico.[\/vc_column_text]<div class=\"clearboth\"><\/div><div class=\"gem-divider \" style=\"margin-top: 30px;\"><\/div>[\/vc_column][\/vc_row][vc_row full_width=&#8221;stretch_row&#8221; css=&#8221;.vc_custom_1542372624155{background-color: #ffffff !important;}&#8221;][vc_column][vc_row_inner][vc_column_inner width=&#8221;1\/5&#8243;][vc_column_text]<\/p>\n<ul>\n<li>25 de Mayo<\/li>\n<li>9 de Julio<\/li>\n<li>Alberti<\/li>\n<li>Almirante Brown<\/li>\n<li>Avellaneda<\/li>\n<li>Ayacucho<\/li>\n<li>Berazategui<\/li>\n<li>Berisso<\/li>\n<li>Bolivar<\/li>\n<li>Bragado<\/li>\n<li>Campana<\/li>\n<li>Ca\u00f1uelas<\/li>\n<li>Capilla del Se\u00f1or<\/li>\n<li>Capit\u00e1n Sarmiento<\/li>\n<li>Carlos Casares<\/li>\n<li>Carlos Tejedor<\/li>\n<\/ul>\n<p>[\/vc_column_text][\/vc_column_inner][vc_column_inner width=&#8221;1\/5&#8243;][vc_column_text]<\/p>\n<ul>\n<li>Carmen de Areco<\/li>\n<li>Castelli<\/li>\n<li>Chacabuco<\/li>\n<li>Chascom\u00fas<\/li>\n<li>Chivilcoy<\/li>\n<li>Col\u00f3n<\/li>\n<li>Coronel Brandsen<\/li>\n<li>Dolores<\/li>\n<li>Ensenada<\/li>\n<li>Esteban Echeverr\u00eda<\/li>\n<li>Ezeiza<\/li>\n<li>Florencio Varela<\/li>\n<li>General Alvear<\/li>\n<li>General Belgrano<\/li>\n<li>General Guido<\/li>\n<\/ul>\n<p>[\/vc_column_text][\/vc_column_inner][vc_column_inner width=&#8221;1\/5&#8243;][vc_column_text]<\/p>\n<ul>\n<li>General Las Heras<\/li>\n<li>General Paz<\/li>\n<li>General Pinto<\/li>\n<li>General Rodr\u00edguez<\/li>\n<li>General Sarmiento<\/li>\n<li>General Viamonte<\/li>\n<li>General Villegas<\/li>\n<li>Henderson<\/li>\n<li>La Matanza<\/li>\n<li>La Plata<\/li>\n<li>Lan\u00fas<\/li>\n<li>Las Flores<\/li>\n<li>Leandro N. Alem<\/li>\n<li>Lincoln<\/li>\n<li>Lobos<\/li>\n<li>Lomas de Zamora<\/li>\n<\/ul>\n<p>[\/vc_column_text][\/vc_column_inner][vc_column_inner width=&#8221;1\/5&#8243;][vc_column_text]<\/p>\n<ul>\n<li>Luj\u00e1n<\/li>\n<li>Magdalena<\/li>\n<li>Maip\u00fa<\/li>\n<li>Marcos Paz<\/li>\n<li>Mercedes<\/li>\n<li>Merlo<\/li>\n<li>Monte Grande<\/li>\n<li>Moreno<\/li>\n<li>Mor\u00f3n<\/li>\n<li>Pehuaj\u00f3<\/li>\n<li>Pellegrini<\/li>\n<li>Presidente Per\u00f3n<\/li>\n<li>Punta Indio<\/li>\n<li>Quilmes<\/li>\n<li>Rauch<\/li>\n<li>Rivadavia<\/li>\n<\/ul>\n<p>[\/vc_column_text][\/vc_column_inner][vc_column_inner width=&#8221;1\/5&#8243;][vc_column_text]<\/p>\n<ul>\n<li>Rojas<\/li>\n<li>Roque P\u00e9rez<\/li>\n<li>Saladillo<\/li>\n<li>Salliquel\u00f3<\/li>\n<li>Salto<\/li>\n<li>San Andr\u00e9s de Giles<\/li>\n<li>San Antonio de Areco<\/li>\n<li>San Mart\u00edn<\/li>\n<li>San Miguel del Monte<\/li>\n<li>San Vicente<\/li>\n<li>Suipacha<\/li>\n<li>Tapalqu\u00e9<\/li>\n<li>Tordillo<\/li>\n<li>Trenque Lauquen<\/li>\n<li>Tres de Febrero<\/li>\n<li>Z\u00e1rate<\/li>\n<\/ul>\n<p>[\/vc_column_text][\/vc_column_inner][\/vc_row_inner][\/vc_column][\/vc_row]<\/p>\n","protected":false},"excerpt":{"rendered":"<p>[vc_row full_width=&#8221;stretch_row&#8221; css=&#8221;.vc_custom_1600781837739{background-color: #00205a !important;}&#8221;][vc_column][vc_column_text] Zona de influencia [\/vc_column_text][\/vc_column][\/vc_row][vc_row full_width=&#8221;stretch_row_content_no_spaces&#8221; equal_height=&#8221;yes&#8221; content_placement=&#8221;middle&#8221; css=&#8221;.vc_custom_1601744680350{margin-top: 20px !important;margin-bottom: 0px !important;padding-bottom: 0px !important;background-color: #f0f3f2&#8230;<\/p>\n","protected":false},"author":1,"featured_media":0,"parent":0,"menu_order":0,"comment_status":"closed","ping_status":"closed","template":"","meta":[],"yoast_head":"<!-- This site is optimized with the Yoast SEO plugin v17.2.1 - https:\/\/yoast.com\/wordpress\/plugins\/seo\/ -->\n<title>Zona de influencia - AEHG La Plata<\/title>\n<meta name=\"robots\" content=\"index, follow, max-snippet:-1, max-image-preview:large, max-video-preview:-1\" \/>\n<link rel=\"canonical\" href=\"https:\/\/aehg-laplata.org.ar\/nueva\/zona-de-influencia\/\" \/>\n<meta property=\"og:locale\" content=\"es_ES\" \/>\n<meta property=\"og:type\" content=\"article\" \/>\n<meta property=\"og:title\" content=\"Zona de influencia - AEHG La Plata\" \/>\n<meta property=\"og:description\" content=\"[vc_row full_width=&#8221;stretch_row&#8221; css=&#8221;.vc_custom_1600781837739{background-color: #00205a !important;}&#8221;][vc_column][vc_column_text] Zona de influencia [\/vc_column_text][\/vc_column][\/vc_row][vc_row full_width=&#8221;stretch_row_content_no_spaces&#8221; equal_height=&#8221;yes&#8221; content_placement=&#8221;middle&#8221; css=&#8221;.vc_custom_1601744680350{margin-top: 20px !important;margin-bottom: 0px !important;padding-bottom: 0px !important;background-color: #f0f3f2...\" \/>\n<meta property=\"og:url\" content=\"https:\/\/aehg-laplata.org.ar\/nueva\/zona-de-influencia\/\" \/>\n<meta property=\"og:site_name\" content=\"AEHG La Plata\" \/>\n<meta property=\"article:publisher\" content=\"https:\/\/www.facebook.com\/AehgLaPlataOK\/\" \/>\n<meta property=\"article:modified_time\" content=\"2020-11-13T17:35:35+00:00\" \/>\n<meta name=\"twitter:card\" content=\"summary_large_image\" \/>\n<meta name=\"twitter:label1\" content=\"Tiempo de lectura\" \/>\n\t<meta name=\"twitter:data1\" content=\"2 minutos\" \/>\n<script type=\"application\/ld+json\" class=\"yoast-schema-graph\">{\"@context\":\"https:\/\/schema.org\",\"@graph\":[{\"@type\":\"WebSite\",\"@id\":\"https:\/\/aehg-laplata.org.ar\/nueva\/#website\",\"url\":\"https:\/\/aehg-laplata.org.ar\/nueva\/\",\"name\":\"AEHG La Plata\",\"description\":\"\",\"potentialAction\":[{\"@type\":\"SearchAction\",\"target\":{\"@type\":\"EntryPoint\",\"urlTemplate\":\"https:\/\/aehg-laplata.org.ar\/nueva\/?s={search_term_string}\"},\"query-input\":\"required name=search_term_string\"}],\"inLanguage\":\"es-AR\"},{\"@type\":\"WebPage\",\"@id\":\"https:\/\/aehg-laplata.org.ar\/nueva\/zona-de-influencia\/#webpage\",\"url\":\"https:\/\/aehg-laplata.org.ar\/nueva\/zona-de-influencia\/\",\"name\":\"Zona de influencia - AEHG La Plata\",\"isPartOf\":{\"@id\":\"https:\/\/aehg-laplata.org.ar\/nueva\/#website\"},\"datePublished\":\"2020-10-06T13:14:35+00:00\",\"dateModified\":\"2020-11-13T17:35:35+00:00\",\"breadcrumb\":{\"@id\":\"https:\/\/aehg-laplata.org.ar\/nueva\/zona-de-influencia\/#breadcrumb\"},\"inLanguage\":\"es-AR\",\"potentialAction\":[{\"@type\":\"ReadAction\",\"target\":[\"https:\/\/aehg-laplata.org.ar\/nueva\/zona-de-influencia\/\"]}]},{\"@type\":\"BreadcrumbList\",\"@id\":\"https:\/\/aehg-laplata.org.ar\/nueva\/zona-de-influencia\/#breadcrumb\",\"itemListElement\":[{\"@type\":\"ListItem\",\"position\":1,\"name\":\"Inicio\",\"item\":\"https:\/\/aehg-laplata.org.ar\/nueva\/\"},{\"@type\":\"ListItem\",\"position\":2,\"name\":\"Zona de influencia\"}]}]}<\/script>\n<!-- \/ Yoast SEO plugin. -->","yoast_head_json":{"title":"Zona de influencia - AEHG La Plata","robots":{"index":"index","follow":"follow","max-snippet":"max-snippet:-1","max-image-preview":"max-image-preview:large","max-video-preview":"max-video-preview:-1"},"canonical":"https:\/\/aehg-laplata.org.ar\/nueva\/zona-de-influencia\/","og_locale":"es_ES","og_type":"article","og_title":"Zona de influencia - AEHG La Plata","og_description":"[vc_row full_width=&#8221;stretch_row&#8221; css=&#8221;.vc_custom_1600781837739{background-color: #00205a !important;}&#8221;][vc_column][vc_column_text] Zona de influencia [\/vc_column_text][\/vc_column][\/vc_row][vc_row full_width=&#8221;stretch_row_content_no_spaces&#8221; equal_height=&#8221;yes&#8221; content_placement=&#8221;middle&#8221; css=&#8221;.vc_custom_1601744680350{margin-top: 20px !important;margin-bottom: 0px !important;padding-bottom: 0px !important;background-color: #f0f3f2...","og_url":"https:\/\/aehg-laplata.org.ar\/nueva\/zona-de-influencia\/","og_site_name":"AEHG La Plata","article_publisher":"https:\/\/www.facebook.com\/AehgLaPlataOK\/","article_modified_time":"2020-11-13T17:35:35+00:00","twitter_card":"summary_large_image","twitter_misc":{"Tiempo de lectura":"2 minutos"},"schema":{"@context":"https:\/\/schema.org","@graph":[{"@type":"WebSite","@id":"https:\/\/aehg-laplata.org.ar\/nueva\/#website","url":"https:\/\/aehg-laplata.org.ar\/nueva\/","name":"AEHG La Plata","description":"","potentialAction":[{"@type":"SearchAction","target":{"@type":"EntryPoint","urlTemplate":"https:\/\/aehg-laplata.org.ar\/nueva\/?s={search_term_string}"},"query-input":"required name=search_term_string"}],"inLanguage":"es-AR"},{"@type":"WebPage","@id":"https:\/\/aehg-laplata.org.ar\/nueva\/zona-de-influencia\/#webpage","url":"https:\/\/aehg-laplata.org.ar\/nueva\/zona-de-influencia\/","name":"Zona de influencia - AEHG La Plata","isPartOf":{"@id":"https:\/\/aehg-laplata.org.ar\/nueva\/#website"},"datePublished":"2020-10-06T13:14:35+00:00","dateModified":"2020-11-13T17:35:35+00:00","breadcrumb":{"@id":"https:\/\/aehg-laplata.org.ar\/nueva\/zona-de-influencia\/#breadcrumb"},"inLanguage":"es-AR","potentialAction":[{"@type":"ReadAction","target":["https:\/\/aehg-laplata.org.ar\/nueva\/zona-de-influencia\/"]}]},{"@type":"BreadcrumbList","@id":"https:\/\/aehg-laplata.org.ar\/nueva\/zona-de-influencia\/#breadcrumb","itemListElement":[{"@type":"ListItem","position":1,"name":"Inicio","item":"https:\/\/aehg-laplata.org.ar\/nueva\/"},{"@type":"ListItem","position":2,"name":"Zona de influencia"}]}]}},"_links":{"self":[{"href":"https:\/\/aehg-laplata.org.ar\/nueva\/wp-json\/wp\/v2\/pages\/239"}],"collection":[{"href":"https:\/\/aehg-laplata.org.ar\/nueva\/wp-json\/wp\/v2\/pages"}],"about":[{"href":"https:\/\/aehg-laplata.org.ar\/nueva\/wp-json\/wp\/v2\/types\/page"}],"author":[{"embeddable":true,"href":"https:\/\/aehg-laplata.org.ar\/nueva\/wp-json\/wp\/v2\/users\/1"}],"replies":[{"embeddable":true,"href":"https:\/\/aehg-laplata.org.ar\/nueva\/wp-json\/wp\/v2\/comments?post=239"}],"version-history":[{"count":18,"href":"https:\/\/aehg-laplata.org.ar\/nueva\/wp-json\/wp\/v2\/pages\/239\/revisions"}],"predecessor-version":[{"id":500,"href":"https:\/\/aehg-laplata.org.ar\/nueva\/wp-json\/wp\/v2\/pages\/239\/revisions\/500"}],"wp:attachment":[{"href":"https:\/\/aehg-laplata.org.ar\/nueva\/wp-json\/wp\/v2\/media?parent=239"}],"curies":[{"name":"wp","href":"https:\/\/api.w.org\/{rel}","templated":true}]}}